 the second derivative of -p**3/3 + p**2/2 + 2*p + 38. Determine t(-3).
7
Suppose 0 = -72*q + 77*q + 315. Let k = q - -53. Let d(p) = -p**2 - 10*p - 6. What is d(k)?
-6
Let z(b) = b**3 - 6*b**2 + 5 - 13 - 5*b + 0*b**2. Let y be z(7). Let w(p) = 2*p + p**3 - 1 - 7*p**2 + 3 + 5*p. Determine w(y).
8
Suppose -4*h = 18 - 30. Let d(b) be the second derivative of -b**5/20 + b**4/4 - b**2 + 6*b. What is d(h)?
-2
Let b(k) = 4*k**2 - 3*k - 6. Let n(i) be the third derivative of -i**5/12 + i**4/6 + 7*i**3/6 - 2*i**2. Let d(t) = -6*b(t) - 5*n(t). Determine d(1).
0
Let k = 796 - 801. Let h(r) = -r**3 - 5*r**2 + r + 5. Determine h(k).
0
Suppose 5*t = -5, 0*t - 1 = -3*k - 2*t. Let b(g) = 124*g**2 + k - 128*g**2 + 2*g - 2*g. Give b(-1).
-3
Let p = -409 + 420. Let q(h) = h**2 - 9*h + 6. Give q(p).
28
Let z(t) = 10*t**3 + t**2 + t. Suppose -4*i + x - 1 = 0, 3*i - 4 = 3*x + 2. Let j be 2 - 2/4*(7 + i). Give z(j).
-10
Let x(r) = 7*r**3 - 18*r**2 + 12*r - 5. Let b(z) = 6*z**3 - 16*z**2 + 11*z - 5. Let q(s) = 6*b(s) - 5*x(s). Calculate q(5).
0
Let o(b) = b**2 + 4*b + 4. Let m be (-3)/(-7) + 11/(-231)*93. What is o(m)?
4
Let a(v) = v**2 - 11*v - 6. Let z(p) = 2*p**2 - 13*p + 31. Let h be z(4). Determine a(h).
-6
Let j(z) = -2*z**3 - 16*z**2 - 13*z + 2. Let x be j(-7). Let p(o) be the third derivative of -o**6/120 - o**5/10 - 5*o**4/24 - o**3/2 - o**2. Calculate p(x).
-3
Let u(b) = 80*b**2 - 3*b + 17. Let d(g) = 29*g**2 - g + 6. Let x(c) = 11*d(c) - 4*u(c). Determine x(3).
-8
Let t be (-255)/(-119) + 2/(-14). Let c(b) = 12 + t + b - 12. Give c(-4).
-2
Let s(q) = q - 1. Let z(l) = -l - 6. Let v be z(-6). Suppose 5*n + 2*i + 58 = v, -3*i = 20 - 8. Let o be (-16)/4 + (0 - n). Give s(o).
5
Let u be -5*1/(-40)*(-75)/(-45). Let o(d) be the third derivative of -u*d**4 - 2/15*d**5 + 0*d + 2/3*d**3 + 2*d**2 - 1/120*d**6 + 0. Give o(-7).
-10
Let h(v) = -v**2 - 2. Let r(z) = -6*z**2 - z - 11. Let m(t) = -5*h(t) + r(t). Determine m(-1).
-1
Let i(u) = -u**3 + 4*u**2 + 3*u - 4. Let b = 32 + -41. Suppose 4 = l + l. Let s be (24/b)/(l/(-3)). Give i(s).
8
Let o(j) = 3*j + 4. Suppose 5*h - 4*h = 6. Let z(y) = 4*y + 5. Let n(w) = h*o(w) - 4*z(w). What is n(-3)?
-2
Suppose v = 3 + 12. Suppose -v = w + 4*w. Let m(b) = -b**3 - 4*b**2 + 3. Give m(w).
-6
Let y(x) = 5*x + 2*x**3 - 8*x + 6*x - 5*x**2. Let q be y(2). Let s(w) be the second derivative of w**3/6 + w. Calculate s(q).
2
Let s(n) = 7 + n + 8 - 17 + 6 + 2. Determine s(-10).
-4
Let b(y) = y**3 - 4*y**2 - 2. Let v(j) = -4*j - 138. Let w be v(-35). Determine b(w).
-10
Let l(c) be the first derivative of c**5/60 - c**4/6 - 4*c**3/3 + 5*c**2 - 7. Let t(j) be the second derivative of l(j). Calculate t(6).
4
Let q(i) be the third derivative of -i**7/840 + i**6/72 - i**5/40 + i**4/8 + 3*i**3/2 + 11*i**2. Let t(m) be the first derivative of q(m). Determine t(3).
12
Let y(x) = -x**2 - 8*x + 4. Let p(w) = w**2 + 7*w - 15. Let f = 45 - 53. Let s be p(f). Calculate y(s).
11
Let q(l) = l**3 - 2*l**2 - 3*l - 2. Suppose 17*u - 27*u + 30 = 0. Calculate q(u).
-2
Let k(v) = -221433*v + 221433*v + v**2 - 3. Calculate k(-4).
13
Let h(a) = -a**3 + 6*a**2 - 3*a - 2. Let s be (-637)/21 + 2/6. Let n = -25 - s. Determine h(n).
8
Let g = 8 - -158. Let r = 159 - g. Let p(v) = -v**3 - 6*v**2 + 3*v - 8. Determine p(r).
20
Let a(t) = 10*t - 1. Let y(w) = -4*w - 15. Let k(j) = j + 5. Let i(p) = -14*k(p) - 4*y(p). Let v be i(7). Suppose v*z = 7 - 3. What is a(z)?
9
Suppose 5*o + p + 2*p - 55 = 0, -4*p + 28 = o. Let b(m) = -m**2 + 7*m + 9. Let g be b(o). Let u(z) = -z**2 + 3*z - g + 0 - 3*z**2. Determine u(2).
-11
Let z be (-24)/(5/10 + -2). Suppose 2 = z*t - 14*t. Let a(k) = k**3 - 2*k**2 + 2*k - 1. Determine a(t).
0
Let k(j) be the first derivative of 2*j**2 + 7*j - 235. What is k(9)?
43
Let q(c) = -2*c + 8. Let t be 4 - (2 - (-1)/(-1)). Let o = t - 5. Let v be (-1 - o)/((-1)/(-7)). What is q(v)?
-6
Let r(w) be the third derivative of -w**6/120 - w**5/6 - 3*w**4/8 - 5*w**3/6 - w**2 + 20*w. Determine r(-9).
-5
Let w be (-16 - (-11 - -2))*(1 + 1). Let p(f) = f + 23. Give p(w).
9
Let j(n) = -14*n + 82. Let a be j(6). Let u(v) = -3*v + 2. Calculate u(a).
8
Let j(g) = -3*g. Let l = 187 + -186. Give j(l).
-3
Let y(n) be the first derivative of 4*n**2 - 2*n + 92. Give y(-1).
-10
Suppose s + 5*g = -13, -2*s + g = 3*s - 13. Let k(a) = -3*a**s - 2*a + 4*a**2 - 3 + 1 + a**2. Let b be (2/6)/(((-5)/6)/5). What is k(b)?
10
Let w be (6/4)/(5/10). Suppose 2*q = 5*q - 27. Let a(y) = 1 - q + 7 + y. Calculate a(w).
2
Let t = -22 + 22. Let n(i) = 4*i + t*i - 1 + 0*i + 5*i. Calculate n(-1).
-10
Let t(z) = -84*z**2 + 70. Let o(g) = g**2 - 1. Let r(a) = 70*o(a) + t(a). Calculate r(1).
-14
Let b be (1 - 0)/((-2)/(-6)). Let i(l) = 9*l**3 + 12*l**2 + 15*l + 1. Let w(k) = -2*k**3 - 2*k**2 - 2*k - 1. Let u(s) = -i(s) - 5*w(s). Determine u(b).
-2
Let t(n) = n**2 - 3*n - 3. Let d = -2 - -21. Suppose -15*y - 8 = -d*y. Suppose y*f = 2, 3*f + 1 = -x + 2*x. Determine t(x).
1
Let z(f) = -38*f + 1. Suppose 0 = -73*o + 66*o - 7. What is z(o)?
39
Let u(w) = w + 2. Let t(c) = -c + 54. Let b be t(10). Let x = -45 + b. What is u(x)?
1
Suppose 8*a - 30 = 58. Suppose 4*z - 1 = a. Let j(c) = c**2 + 3*c + 1. Calculate j(z).
19
Let w(q) = q**2 + 8*q + 4. Let z = -181 + 182. Let m(i) = i**3 - 4*i**2 + i - 4. Let o be m(4). Let n be o/6 + z*-4. Calculate w(n).
-12
Let c(j) = 34*j - 8. Let u(s) = -19*s + 3. Let w(r) = -5*c(r) - 9*u(r). What is w(-7)?
6
Let g(u) = -u**3 - 5*u**2 - 6*u. Let a(v) = v**3 + 12*v**2 + 26*v + 57. Let r be a(-10). Determine g(r).
0
Let a(s) = 4*s**2 + s**2 - 4*s**2 + 7*s + 3. Let j(p) = -49*p - 545. Let h be j(-11). Determine a(h).
-3
Let k(c) = 18 - 53*c - 211*c**2 + 62*c + 210*c**2. Give k(10).
8
Suppose 0*c + 3*w = -4*c - 156, 4*w + 16 = 0. Let v = 35 + c. Let z(r) be the third derivative of -r**6/120 - r**5/20 - r**4/24 - 2*r**2. Calculate z(v).
-1
Let n(w) be the first derivative of -4*w - 3/2*w**2 - 1/3*w**3 - 2. Let c be (-3 + 4 - 4)*1. Calculate n(c).
-4
Let l(r) = 5*r**2 + 7*r - 3. Let s(o) = -4*o**2 - 6*o + 3. Let z(j) = -3*l(j) - 4*s(j). Let u = -12 - -10. Let d be -2 + -1 + 1 + u. Calculate z(d).
1
Let y(b) = b**2 - 3*b + 2. Suppose -7*a + 25 = -5*x - 2*a, 0 = -x + 5*a - 25. Suppose 0 = -x*f + f + 12. Let o be (-100)/(-24) + 2/f. Determine y(o).
6
Suppose 45*p = 20*p + 200. Let m(i) = -i**3 + 9*i**2 - 6*i - 11. What is m(p)?
5
Suppose 4*z - u = -18, 2*u + 4 + 20 = -4*z. Suppose v + 3*l + 19 = -v, 3*l + 34 = -5*v. Let w be (6/v)/(2/z). Let t(x) = -x**2 + 5*x - 3. Calculate t(w).
3
Let z = -382 - -385. Let n(l) be the first derivative of 4 + 1/2*l**2 + z*l. Calculate n(-8).
-5
Let s(b) = b**3 + b**2 + 3*b - 8. Let z(x) = -2*x**3 + x**2 - 4*x + 9. Let y(l) = 3*s(l) + 2*z(l). Give y(5).
-1
Let z(r) be the third derivative of r**6/60 + r**5/60 - r**2. Let n be (-6)/4*((-1058)/69)/23. Give z(n).
3
Let x(l) = 3*l**2 + 11*l + 5. Let s(o) be the first derivative of 5*o**3/3 + 8*o**2 + 8*o + 10. Let b(r) = 5*s(r) - 8*x(r). Calculate b(6).
-12
Let v(p) be the second derivative of -p**4/6 + 7*p**3/6 + p**2 - 6*p - 33. Calculate v(7).
-47
Let b(o) = -27 - 31 - 2*o + o + 55. Let z = -14 - -8. Calculate b(z).
3
Let i(o) = o + 25 - 25. Suppose 5*u + 1 - 106 = -5*h, u - 2*h = 24. Suppose 2*j - b = b - 2, 4*b = -5*j + u. Determine i(j).
2
Let o(w) be the second derivative of 0 - 2*w**2 - 1/20*w**5 - 37*w + 1/2*w**3 - 1/4*w**4. What is o(-3)?
-13
Let r(y) = y**2 - 4*y + 1. Let p = -756 + 757. Determine r(p).
-2
Let x(p) = -p + 6. Let j(o) = -o**3 - 3*o**2 - 5*o - 1. Let v be (-4)/2 + -9 + 8. Let z be (v/(-2))/(21/(-28)). Let k be j(z). What is x(k)?
1
Let c = 1 + -6. Let a = c - -3. Let k be (-9 + 8)*a/2. Let s(p) = -3*p**3 - 2*p**2 + p. What is s(k)?
-4
Suppose -75 = -0*y + 5*y. Let m be y/(-6) - (-1)/(-2). Let q(w) = 2*w - 8. Let r(k) = 3*k - 10. Let g(l) = 6*q(l) - 5*r(l). Calculate g(m).
-4
Let p be (-5 + (-3)/(-3))*130/40. Let v(o) = -o - 22. Determine v(p).
-9
Let q = 6 - 3. Suppose 2*b + q*l = 1 + 5, -9 = -3*b + 5*l. Let o(v) be the second derivative of -v**3/2 - v**2/2 + 2*v. Give o(b).
-10
Suppose 2*z + 2 = -0*z. Let d(u) = -2*u**2 + 3*u. Let o(m) = -7*m**2 + 8*m. Let s(f) = -11*d(f) + 4*o(f). What is s(z)?
-5
Let w(y) = -8*y - 159. Let t be w(-21). Let i(h) = -h**2 + 7*h + 8. Ca